) = t**3 - 2*t**2 - t + 8. Let f = 29 - 16. What is the remainder when y(4) is divided by f?
10
What is the remainder when -177*4/(-12) + 3 is divided by 32?
30
Calculate the remainder when ((-20)/(-30))/(4/222) is divided by 19.
18
What is the remainder when (0 - -1)/((-11)/(-55)) is divided by 4?
1
Suppose -10*p - 78 = -13*p. Calculate the remainder when 207 is divided by p.
25
Suppose -4*c = 4*w - 28, 4*c - 11 = -c + 3*w. What is the remainder when 11 is divided by c?
3
Suppose 227 + 37 = 4*a. Suppose -30 - 38 = -4*p. Calculate the remainder when a is divided by p.
15
Let m(k) = -k**3 - k**2 - 2*k - 7. What is the remainder when 31 is divided by m(-3)?
14
Suppose 0 = 3*v - 6, -3*v + 11 - 1 = 2*a. Suppose -3*u + 85 = a*u. What is the remainder when u is divided by 10?
7
Let y(n) = n**3 - 3*n**2 + 4*n - 2. Suppose 3*q - 8 = 2*s, q + 5*s - 15 = 16. What is the remainder when y(3) is divided by q?
4
Suppose 0 = -12*d + 14*d - 54. Calculate the remainder when 160 is divided by d.
25
Let k(x) = -x**3 + 10*x**2 - 13*x + 2. Calculate the remainder when k(7) is divided by 6.
4
Let t(a) = -15*a**3 + a**2 - 9*a - 15. Let j(p) = -7*p**3 + p**2 - 4*p - 7. Let u(z) = 13*j(z) - 6*t(z). Calculate the remainder when u(6) is divided by 16.
15
Suppose -5*m + 442 = -3*q + q, -351 = -4*m - q. Suppose -m = -2*y - w, 3*w - 235 = -4*y - 55. What is the remainder when y is divided by 22?
20
Suppose 0 = -0*l + 4*l - 20. Let x(q) = q**3 + 2*q**2 + 3*q - 3. Let k be x(2). Let m = -10 + k. Calculate the remainder when m is divided by l.
4
Suppose 0*l - 3*v = -l + 1, 5*l + v = 21. Calculate the remainder when 10 is divided by l.
2
Suppose 1 = w - 2. Suppose -20 = 8*d - 12*d. Calculate the remainder when d is divided by w.
2
Suppose -5*q + 0*h - 2*h = -18, 2*q = h. Let u = -16 - -10. Calculate the remainder when 4/u*(-30)/4 is divided by q.
1
Let h = -13 - -28. Calculate the remainder when h is divided by (31/4)/1 + 2/8.
7
Let y = 7 - 8. Calculate the remainder when -1 + y + 5 + 18 is divided by 11.
10
Let l be 4 - (2 - 0) - -49. Let b be 276/(-15) - 6/(-15). Let t = l + b. Calculate the remainder when t is divided by 17.
16
Suppose 4*a = -3*a + 112. What is the remainder when 77 is divided by a?
13
Suppose 3*m = 0, 2*m = 2*r + 7*m - 6. Suppose r*x - 9 = 24. Calculate the remainder when x is divided by 6.
5
Let l = 52 + 8. Let x(v) = -6*v + 1. Calculate the remainder when l is divided by x(-5).
29
Let k(j) = -3 - 2*j + 2 - 1 - j**2 + 3. Let w be k(-2). Calculate the remainder when 26 is divided by w/(-3) - 56/(-6).
8
Let a(q) = q**3 + 5*q**2 - q. Calculate the remainder when 39 is divided by a(-3).
18
Let u(r) = 25*r. Let n be ((-2 - 0) + 29)/1. Suppose -3*s - 3*i = -n, -81 = -2*s - 3*s + 4*i. Calculate the remainder when u(1) is divided by s.
12
Let b(m) = -2*m**3 - 4*m + 3. Let z be b(2). What is the remainder when 23 is divided by ((-36)/z)/((-2)/(-7))?
5
Let v(n) = -n**3 + 3*n**2 + 5*n + 1. Let x be v(4). Suppose 0*s + 65 = x*s. What is the remainder when 36 is divided by s?
10
Suppose k - 5 = 5. Suppose -g + 2*g = -3*q + k, -2*g = -3*q + 25. Calculate the remainder when q is divided by 4.
1
Let z(b) = -b**2 - 11*b - 9. Let x(u) = u**3 + 8*u**2 + u + 5. Calculate the remainder when x(-5) is divided by z(-7).
18
Suppose -3*d + 22 = 5*a - 82, d - 64 = -3*a. Calculate the remainder when 63 is divided by a.
19
Let u = 81 + -60. Calculate the remainder when 79 is divided by u.
16
Let q(z) = -z**2 + 5*z + 6. Let o be q(-6). Calculate the remainder when 3 - (-1)/((-3)/o) is divided by 12.
11
Suppose 5*j = 3*j - 4*t + 38, 38 = 2*j + t. Calculate the remainder when 109 is divided by j.
14
What is the remainder when ((-7)/((-98)/(-12)))/((-2)/14) is divided by 3?
0
Let o(q) be the second derivative of q**5/20 + q**4/3 + q**3/3 - q**2/2 + 3*q. What is the remainder when 5 is divided by o(-3)?
1
Suppose -4*v = -4*g + 72, -5*g + 0*g + 70 = 5*v. What is the remainder when 44 is divided by g?
12
Let c(t) = -t**3 - 2*t**2 + 3*t + 3. Let r be c(-2). Calculate the remainder when -1 + (153 + r)/3 is divided by 13.
10
Suppose -4*g - 115 = -5*h + g, 4*h - 2*g = 82. Suppose 12*x - 14*x + h = 0. What is the remainder when 35 is divided by x?
8
Let f(b) = -b**3 + 8*b**2 - 14*b + 15. What is the remainder when f(6) is divided by 1?
0
Suppose -s + 7 = -0*s. Let f(t) = s*t + 3*t - 2*t - t + 4 + t**2. What is the remainder when 22 is divided by f(-8)?
10
Let y(u) = -21*u. Let g = 0 - -1. Let t be y(g). Let l = t + 33. What is the remainder when l is divided by 7?
5
Suppose 12 = 4*n + 4*g, 3*g + 5 = 4*g. Let l = 12 - n. Calculate the remainder when 53 is divided by l.
11
Let x be -2 + 2 - (-2 - 0). Let l be 3 + 1 + -9 - -4. What is the remainder when 1 is divided by (1 - (x + 0))/l?
0
Let j(q) = 15*q**3 - 2*q**2 + 1. Suppose -3*o + 2*w = o - 216, -w = 5*o - 270. What is the remainder when o is divided by j(1)?
12
Let v(u) = u**2 - 4. Let p be v(4). Let h(r) = 7*r**2 - 2*r - 1. Calculate the remainder when 82/6 - (-4)/p is divided by h(-1).
6
Calculate the remainder when 27*(-3 + (-156)/(-18)) is divided by 39.
36
Let j(m) = 3*m - 12. Suppose 5*r - 3*w - 69 = w, 0 = -r - 2*w + 11. What is the remainder when j(r) is divided by 14?
13
What is the remainder when 107 is divided by (21 - -6)*(-1 + 0 + 2)?
26
Suppose -2*b + 5*s + 20 = 0, 3*s - 29 + 10 = -5*b. Suppose -5*u = b - 50. Let v = 65 - 31. What is the remainder when v is divided by u?
7
Let v(h) be the third derivative of -31*h**6/120 - h**3/6 - 2*h**2. Let l be v(-1). Let g = l - 21. What is the remainder when 26 is divided by g?
8
Let p = -6 - -6. Let a be 0 + 2 - (p - -2). Suppose m + a = -z + 11, 5*m - 37 = -2*z. Calculate the remainder when 11 is divided by z.
5
Let i(k) = -9*k + 3 + 6*k + 12*k + 4*k. Let z be i(4). Let r = z + -30. Calculate the remainder when r is divided by 13.
12
Calculate the remainder when 9 is divided by (-6)/(-4)*2 - (-14)/14.
1
Calculate the remainder when 77 is divided by (4 - (-33)/(-2))*8/(-5).
17
Let u(z) = 2*z - 4. Let w be u(3). What is the remainder when (-1 + 2)*-19*-1 is divided by 1*(w - 3 - -8)?
5
Suppose 4*y = -4*b + 404, 0 = -2*y + 3*b + 44 + 163. Calculate the remainder when y is divided by 21.
18
Suppose -4*o + 4*d + 80 = 0, 4*o - 3*d = 68 + 16. Suppose -2*u = 2*i - o, -3*u - 5*i - 12 + 42 = 0. What is the remainder when 29 is divided by u?
14
Suppose 4*x = 3*t + 75, 0 = -2*t + 3*t - 3. Suppose 2*k - x = 49. Let g(o) = 3*o**2 - 3*o + 3. Calculate the remainder when k is divided by g(2).
8
What is the remainder when 132 is divided by (3*-1)/(12/(-60))?
12
Calculate the remainder when 30 is divided by (24/(-36))/(2/(-51)).
13
Let j = -38 + 141. What is the remainder when j is divided by 21?
19
Let w be 26 - 1*(-4 + 0). Let y = -12 + w. Suppose 106 = 4*k - 2*k. What is the remainder when k is divided by y?
17
Let b = -2 - 3. Let j(c) = -c**2 - 5*c + 6. Calculate the remainder when 15 is divided by j(b).
3
Suppose -5*f + 68 + 67 = z, -z + 5 = 0. What is the remainder when 102 is divided by f?
24
Suppose 3*w + 2*s = 2*w + 31, 0 = 4*w - 2*s - 134. Calculate the remainder when w is divided by 9.
6
Let x = 189 - 74. Let d = x - 43. Calculate the remainder when d is divided by 25.
22
Suppose 0*h = 3*h - 51. Let j = 1 + 4. Suppose -j*l - n = -155, -4*l - 5*n + 12 = -91. Calculate the remainder when l is divided by h.
15
Let m(u) = u**2 - 4*u + 13. Calculate the remainder when m(6) is divided by 9.
7
Let p be -1*2 - (-4 - 36). Let c = 43 + -22. Let r = p - c. What is the remainder when 50 is divided by r?
16
Let x = -64 + 149. Calculate the remainder when x is divided by 22.
19
Let o(v) = 2*v**2 - v - 1. Let q be o(-1). Suppose -5*s + 1 = -3*f + 26, -5*f + q*s = -29. What is the remainder when 4/(-6) - 59/(-3) is divided by f?
4
Suppose -5*w = 115 - 480. What is the remainder when w is divided by 25?
23
Let s = -35 + 47. What is the remainder when 80 is divided by s?
8
Suppose 0 = -t + 4*g + 17, -2*t + 3*g = -0*t - 14. Let f = 18 - t. Suppose 4*p = 6*p - 18. Calculate the remainder when f is divided by p.
8
Let a = 118 + -71. Suppose -30 = -2*s + 4*b, s - 35 = -0*s - 2*b. Calculate the remainder when a is divided by s.
22
Let n = -29 - -42. Calculate the remainder when 44 is divided by n.
5
Suppose 2*v +